-97). Let x(o) = -44*o - 306. What is x(k)?
2
Let o be (-3 - 4/(-1))*(2 + 1). Suppose 30*s - 29*s = -o. Let t(y) = -2*y**3 - 5*y**2 - 2*y. Calculate t(s).
15
Let b(x) = -x**2 - 1 - 2 - 3 + 2110*x - 1 - 2124*x. Let u(y) = -14*y**2 + 1. Let h be u(-1). What is b(h)?
6
Let w = -6 - -12. Let j(h) = 3*h**2 - 18*h. Let z be j(w). Let a(c) = -4*c**2 + 3*c + 2. Let t(x) = -x**2 + x + 1. Let q(l) = -2*a(l) + 7*t(l). Calculate q(z).
3
Let u(x) be the first derivative of x**3/3 + x**2/2 - 2*x - 966. Calculate u(-4).
10
Let r(b) = 4*b**3 - 82*b**2 - 43*b - 42. Let g be r(21). Let t(s) = 6*s + 376. What is t(g)?
-2
Let b(f) be the second derivative of -2*f**3/3 + 3*f**2/2 - 5*f. Suppose 33 + 78 = -21*t - 16*t. Calculate b(t).
15
Let c = 36 + -35. Let a(v) = 3 + 202*v + 0 - v**3 - 199*v + c. Calculate a(3).
-14
Let b(t) = 7*t**2 - 4*t + 7. Let f be (-2)/3 - (-55)/15 - 1. Let k(i) = 3 - 2*i + 4*i**2 + 6*i**2 + 6*i**2 - 13*i**f. Let p(o) = -2*b(o) + 5*k(o). Give p(1).
0
Suppose 7*t - 202 + 111 = 0. Suppose t*g - 15*g = -28. Let m(p) = -p**2 + 13*p + 15. Give m(g).
1
Let d(z) = -662*z**2 - z - 16*z**3 + 1312*z**2 - 649*z**2. Calculate d(-1).
18
Suppose 3*x = -34*x - 259. Let a(g) = -4 - 4*g**3 + 3*g**3 - 10*g + 4*g - 10*g**2 + 2*g**2. Give a(x).
-11
Let d(b) = 2 + 2209*b - 2 + b**2 - 2194*b. Give d(-14).
-14
Let r = 5179 + -5179. Let n(a) be the third derivative of 0*a + 11*a**2 + 0 + r*a**3 - 5/12*a**4. Determine n(-1).
10
Let h(l) = l**2 - l + 1. Let r(g) = 10*g**3 - 5*g**2 + 6*g - 6. Let i(z) = -5*h(z) - r(z). Suppose 33*m - 776 = 37*m. Let p = m + 195. Calculate i(p).
-10
Let r(c) = 4*c**2 + 51*c + 103. Let i(d) = -2*d**2 - 24*d - 42. Let n(t) = -5*i(t) - 2*r(t). Give n(-6).
-32
Let f(u) = u**3 + 5*u**2 - 5*u - 64. Let n(j) = -2*j**3 - 11*j**2 + 8*j + 108. Let i(m) = 5*f(m) + 3*n(m). Give i(-4).
-56
Let k be 0 + 27/18*362/3. Let i = k + -182. Let b(t) = 5*t**2 + 1. Calculate b(i).
6
Suppose 60 = 5*a - 2*q, -5*a + a + 55 = -3*q. Suppose a*z = 12*z - 8. Let p(o) = 2*o**2 + 0*o**2 + 6*o - 1 - 3*o**2. What is p(z)?
7
Let u be (-1)/(15/195*(-3 - -2)). Suppose -10*t + 117 + u = 0. Let r(l) = l**2 - 13*l + 1. What is r(t)?
1
Let q(f) = f**3 + 3*f**2 - 3*f - 1. Let c = 229 - 228. Suppose c = k - g + 9, 5*k = -4*g - 4. Determine q(k).
-5
Let g(m) = -17 - 4*m**2 - 4*m**2 + 5*m**2 + 5 - 5*m. Give g(0).
-12
Let c(m) = -m**2 - 9*m + 4. Let q(s) = s**3 - 2*s**3 - 3*s - 13 + 9*s**2 - 5*s. Let g be q(8). Let l(i) = -i**2 - 13*i - 7. Let u be l(g). Determine c(u).
18
Suppose 5*n + 2*s + 233 = 0, -3*n - s - 86 = 54. Let q = n + 49. Let h(b) = -63*b**q + 5 + 67*b**2 - 2*b**3 + b**3 - 5*b. Give h(4).
-15
Let z = 5769 - 5774. Let u(m) = m**2 + 14*m + 11. Calculate u(z).
-34
Let m(b) = -6011 - 5989 + 11992 - b. Suppose 0 = 4*i + w - 3, 5*i + 4*w - 12 = 0. Determine m(i).
-8
Let g(i) be the third derivative of i**6/120 + 7*i**5/60 - 7*i**4/12 + 37*i**3/6 + 2*i**2 - 62*i - 2. Calculate g(-9).
1
Let g(w) = -w**2 - 27*w - 148. Let r be g(-19). Let b(l) = -15*l + 14. Calculate b(r).
-46
Let m(g) = -47347526 - 6*g**2 - 2*g - 30*g**2 + 47347461 + 0*g**3 - g**3. What is m(-36)?
7
Let t(a) = 9*a + 4 + 3 - 36*a + 9*a**2 + 13*a. Let h(j) = 45*j + 1 - 52*j + 2 + 4*j**2. Let y(o) = 7*h(o) - 3*t(o). Calculate y(6).
-6
Let a(u) = 2*u - 1. Let j(o) = 9*o - 5. Let l(r) = -4*a(r) + j(r). Let s = 63 + -59. Suppose 56 - 80 = s*i. Give l(i).
-7
Let c(u) be the second derivative of 3*u**3 - 2*u**2 + u + 4595. Calculate c(1).
14
Let g = -1 + -7. Let y(s) = -s**3 + 21*s**2 + s - 17. Let b be y(21). Let j(x) = -5*x + 1. Let o(w) = 21*w + 2. Let l(k) = b*j(k) + o(k). What is l(g)?
-2
Let u(k) = -k**2 + 2*k + 25. Let q(s) = 52*s + 2704. Let d be q(-52). Determine u(d).
25
Let b = 10101 - 10087. Let a(o) = o**3 - 13*o**2 - 10*o - 49. Determine a(b).
7
Let o(j) = j**3 + 73*j**2 + 139*j - 199. Let x be o(-71). Let y(g) = -g**3 + 14*g**2 - 3*g + 36. What is y(x)?
-6
Let v(x) = -4*x**3 + 5*x**2 - 14*x - 17. Let a(d) = 0*d**3 + 0*d**3 - 4*d**2 - d + 2*d**2 - 1 - d**3. Let i(p) = 3*a(p) - v(p). Give i(10).
24
Suppose 21 = 3*s - 2*k, 7*s - 5*k - 40 = 2*s. Let j(c) = -7 - 8 + 16 + s*c**2 + 3*c**2. Calculate j(1).
9
Let f = -12 - -7. Let w(n) = 5*n**2 - 18*n - 17. Let x(p) = 2*p**2 - 6*p - 6. Let z(b) = -3*w(b) + 8*x(b). Calculate z(f).
-2
Let t(v) = 18*v - 342. Let i be t(21). Suppose 40*u - i*u = 0. Let a(p) = p**2 + p + 35. Give a(u).
35
Let b(y) be the third derivative of -y**5/60 + y**4/2 - 4*y**3/3 - 855*y**2. Let h = 14 + -7. Determine b(h).
27
Let k(y) = -y**2 + 12*y + 10. Let p = 2869 + -2856. What is k(p)?
-3
Let l be (24/30 - 2)*1*-5. Let z(o) = 23*o**2 + 2*o. Let w(u) = 6*u**2. Let d(r) = 4*w(r) - z(r). What is d(l)?
24
Let k be (-1 + -90)*(7 - (-40)/(-5)). Suppose k*j = 99*j - 48. Let p(c) = -c**3 + 7*c**2 - 6*c + 5. What is p(j)?
5
Let w(v) = -v**3 - 6*v + 5. Let x be w(4). Let b = x + 82. Let f(m) = -2*m**2 - 3*m**2 + 3*m - 3*m. Determine f(b).
-5
Suppose -8*a + 13*a + 50 = 0. Let d(k) = k**3 + 11*k**2 + 10*k + 20. Calculate d(a).
20
Let q be 8 + -4 - (-2)/1. Suppose 7*u = 20*u - 546. Suppose -u = -q*r - 0*r. Let x(i) = 3*i - 10. What is x(r)?
11
Let s(h) = 48 - 32 + 6*h - 4*h - 23. Let r(x) = x**3 + 6*x**2 + 7*x + 3. Let d be r(-4). Determine s(d).
7
Suppose 8*k = -76 + 76. Let w(y) = 16 + k + 1 + y - 3. Calculate w(0).
14
Let i(b) = 107*b**2 + 4 - 5 + 6 - 114*b**2 - 6*b. Let w be i(1). Let t be (-2)/(w - -4)*-8. Let h(c) = -c**2 + c - 5. Give h(t).
-25
Let w(m) = -26 + 11*m - 14*m + 58 - 20*m - 36. Give w(3).
-73
Suppose 0*w + 2*s + 7 = -w, 0 = 5*w - 5*s - 25. Suppose 0 = -0*h - h - 4*y - 3, -4*h - 5*y - w = 0. Let n(q) = 26*q**3 - 2*q**2 + 1. Give n(h).
25
Let b(k) = -k + 4. Let c be 0/((-54)/45*10/(-4)). Calculate b(c).
4
Let f(c) = -c**3 - 8*c**2 + 22*c + 3. Suppose -116*d - 5*p = -117*d - 25, -2*d - 5 = 5*p. Determine f(d).
-17
Let x = -626 + 1335. Let g = -714 + x. Let k(i) = 7*i. What is k(g)?
-35
Let r(u) = -3*u + 5. Let q(d) be the first derivative of -d**2/2 + 2*d + 47. Let g(s) = -5*q(s) + 2*r(s). Give g(7).
-7
Suppose 3*i = 4*q + 10, -4*i + 34 = 679*q - 674*q. Let w(j) be the first derivative of 7/2*j**2 - i*j - 1/3*j**3 - 26. Calculate w(4).
6
Let y = -166 - -164. Let j(k) = 13*k**2 - 4. Let p(w) = -53*w**2 + w + 18. Let h(l) = y*p(l) - 9*j(l). What is h(2)?
-48
Let g(m) = m**2 + 1. Let a be 12/(-21) - (-64)/14. Let c(t) = -t - a - 6*t - 5*t**2 + 13*t - 5*t. Let u(n) = -3*c(n) - 12*g(n). Give u(2).
6
Let k(y) = 3*y**3 - 71*y**2 - 6*y + 140*y**2 + 9*y - 4*y**3 - 73*y**2 + 4. What is k(4)?
-112
Let q(v) be the first derivative of v**3/3 - 4*v**2 - 63*v + 236. Determine q(13).
2
Let q(w) = -7*w**2 - 4*w + 1. Let l(y) = -8*y**2 - y + 1. Let n(o) = -4*l(o) + 5*q(o). Let h be 12/36*(-14 + -1). Determine n(h).
6
Suppose -c - n + 49 = -0*c, -5*n = -2*c + 133. Suppose -98 - 24 = 2*s. Let r = c + s. Let v(m) = m**3 + 7*m**2. What is v(r)?
0
Let g(j) = 9*j**3 + 16*j**2 + 3*j + 13. Let f(t) = 30*t**3 + 47*t**2 + 10*t + 38. Let l(x) = 2*f(x) - 7*g(x). Calculate l(-6).
-9
Suppose 0 = -44*n + 67*n. Let s(o) = o - 2. Give s(n).
-2
Let y = -4943 - -4987. Let i be (1/(-1))/(2/86). Let m = i + y. Let a(l) = 4*l**3 + l - 1. Determine a(m).
4
Suppose -6*j = 40 - 112. Let i be (j/(-18))/(8/(-6))*2. Let u(y) = 5*y**2 - 2*y + 1. Give u(i).
4
Let r(k) = 24*k**2 + 7*k + 4. Let q(v) = -11*v**2 - 3*v - 2. Suppose 6*s = -87 + 9. Let o(b) = s*q(b) - 6*r(b). Calculate o(-5).
-8
Let r(o) = 7*o + 7. Let j(z) = 2*z. Let u(s) = 10*s + 20. Let y(x) = -4*j(x) - u(x). Let l(n) = -8*r(n) - 3*y(n). Determine l(2).
0
Let y(w) = w**2 - w - 4. Let f be y(-3). Let h(s) = -s**3 + 4*s**2 - 21*s + 6. Let z(u) = 2*u**3 - 9*u**2 + 40*u - 10. Let p(j) = 9*h(j) + 5*z(j). What is p(f)?
28
Let l(t) = 2*t - 18. Let j(d) be the second derivative of -d**3/6 + 8*d**2 + 18*d. Let p(z) = 4*j(z) + 3*l(z). Calculate p(0).
10
Let z be -1 + ((-38)/(-4))/1 + (-2215)/886. Let l(t) = -t**3 + 6*t**2 - 10*t + 7. Determine l(z).
-53
Let h(n) = -2*n**2 - 12*n - 4. Let c(q) = -2*q**2 - 11*q - 3. Let t(d) = 6*c(d) - 5*h(d). Let x(r) = -3*r**2 + 82*r + 1676. Let k be x(41). Calculate t(k).
-18
Let l = -4 + -60. Let b = l + 66. Let x(o) = -17 - 17 + 6*o + 31. Give x(b).
9
Suppose 24 = 4*n + 4*w, 0 = n - 3*w + 8 + 2. Let d(p) = 3*p - n*p - 6 + 7*p + p**3